.
232
What is the remainder when 713880 is divided by 16?
8
What is the remainder when 52655 is divided by 6696?
5783
What is the remainder when 141899 is divided by 15664?
923
What is the remainder when 117650817 is divided by 14?
11
Calculate the remainder when 168965 is divided by 4780.
1665
Calculate the remainder when 313067 is divided by 1778.
139
What is the remainder when 5645791 is divided by 10984?
15
Calculate the remainder when 5975727 is divided by 65.
17
What is the remainder when 1437613 is divided by 5849?
4608
What is the remainder when 757712297 is divided by 18?
11
What is the remainder when 635768648 is divided by 1444?
1440
Calculate the remainder when 136213018 is divided by 45404335.
13
Calculate the remainder when 1821815 is divided by 88.
39
What is the remainder when 453997 is divided by 10809?
19
What is the remainder when 58157058 is divided by 56518?
36
What is the remainder when 103311 is divided by 103123?
188
Calculate the remainder when 8891066 is divided by 2222765.
6
Calculate the remainder when 6847724 is divided by 269.
60
What is the remainder when 26972 is divided by 26638?
334
Calculate the remainder when 118436446 is divided by 232.
214
What is the remainder when 78854 is divided by 1606?
160
Calculate the remainder when 5447743 is divided by 320444.
195
Calculate the remainder when 108009535 is divided by 14.
11
What is the remainder when 8723704 is divided by 2484?
2380
What is the remainder when 6215361 is divided by 2071751?
108
Calculate the remainder when 888594 is divided by 200.
194
What is the remainder when 710419 is divided by 1208?
115
What is the remainder when 145704 is divided by 35900?
2104
What is the remainder when 10111954 is divided by 17525?
29
What is the remainder when 32132168 is divided by 2125?
43
What is the remainder when 256491 is divided by 2489?
124
Calculate the remainder when 33777745 is divided by 253968.
1
What is the remainder when 1481822 is divided by 545?
512
What is the remainder when 31736634 is divided by 303?
111
Calculate the remainder when 9009273 is divided by 151.
9
What is the remainder when 34807378 is divided by 1281?
46
Calculate the remainder when 265015 is divided by 105.
100
What is the remainder when 7026402 is divided by 146?
6
What is the remainder when 1349036 is divided by 168629?
4
What is the remainder when 1300976 is divided by 162617?
40
What is the remainder when 1804172 is divided by 49?
41
Calculate the remainder when 6114299 is divided by 534.
533
Calculate the remainder when 116743 is divided by 116630.
113
Calculate the remainder when 1858396 is divided by 371651.
141
What is the remainder when 597279 is divided by 491?
223
Calculate the remainder when 1277068 is divided by 697.
164
Calculate the remainder when 443987 is divided by 12329.
143
Calculate the remainder when 153083151 is divided by 49.
46
Calculate the remainder when 1061152 is divided by 717.
709
What is the remainder when 871621 is divided by 97?
76
Calculate the remainder when 384742 is divided by 128180.
202
What is the remainder when 316508 is divided by 4870?
4828
What is the remainder when 27309059 is divided by 13?
11
Calculate the remainder when 1325700 is divided by 451.
211
What is the remainder when 17822827 is divided by 31?
28
What is the remainder when 9271384 is divided by 111?
109
What is the remainder when 521802909 is divided by 10352?
10349
What is the remainder when 582002 is divided by 2111?
1477
Calculate the remainder when 709381 is divided by 236454.
19
What is the remainder when 6060794 is divided by 31?
15
What is the remainder when 39997467 is divided by 190?
187
What is the remainder when 33938969 is divided by 71?
46
Calculate the remainder when 5927171 is divided by 6.
5
Calculate the remainder when 1189069 is divided by 1493.
641
What is the remainder when 3656892 is divided by 37?
34
What is the remainder when 8646 is divided by 337?
221
Calculate the remainder when 3620004 is divided by 157376.
356
What is the remainder when 66645 is divided by 6007?
568
What is the remainder when 2021718 is divided by 168?
6
What is the remainder when 12114895 is divided by 127?
111
What is the remainder when 1020155 is divided by 63?
59
What is the remainder when 70370139 is divided by 205?
199
Calculate the remainder when 1424796 is divided by 42.
30
Calculate the remainder when 189298 is divided by 15768.
82
Calculate the remainder when 605067 is divided by 40336.
27
What is the remainder when 12661897 is divided by 2073?
13
Calculate the remainder when 5113743 is divided by 852271.
117
Calculate the remainder when 7485602 is divided by 53.
41
Calculate the remainder when 3099529 is divided by 14218.
5
Calculate the remainder when 2912784 is divided by 21729.
1098
Calculate the remainder when 7587700 is divided by 44.
32
What is the remainder when 9099980 is divided by 114?
44
What is the remainder when 4026283 is divided by 729?
16
What is the remainder when 252964 is divided by 36135?
19
Calculate the remainder when 37752620 is divided by 42.
38
Calculate the remainder when 38831741 is divided by 532.
529
Calculate the remainder when 14329155 is divided by 15358.
141
What is the remainder when 25486 is divided by 330?
76
What is the remainder when 20981311 is divided by 2622663?
7
Calculate the remainder when 922459 is divided by 542.
517
What is the remainder when 209847830 is divided by 14?
10
What is the remainder when 562817 is divided by 885?
842
Calculate the remainder when 4863324 is divided by 117.
102
What is the remainder when 1055428 is divided by 146?
140
Calculate the remainder when 799367 is divided by 6245.
7
What is the remainder when 12924428 is divided by 474?
344
Calculate the remainder when 1595060 is divided by 75953.
47
What is the remainder when 607961 is divided by 202511?
428
Calculate the remainder when 262412 is divided by 62.
28
What is the remainder when 141558 is divided by 795?
48
Calculate the remainder when 450436 is divided by 664.
244
What is the remainder when 71384358 is divided by 657?
651
What is the remainder when 16999608 is divided by 1307661?
15
What is the remainder when 6892618 is divided by 20?
18
What is the remainder when 547332 is divided by 160?
132
Calculate the remainder when 26954346 is divided by 119.
13
What is the remainder when 25584451 is divided by 219?
214
What is the remainder when 129984549 is divided by 1550?
1549
What is the remainder when 448783 is divided by 4079?
93
Calculate the remainder when 89270 is divided by 82935.
6335
Calculate the remainder when 11524653 is divided by 837.
0
What is the remainder when 211963 is divided by 211865?
98
Calculate the remainder when 71093 is divided by 6452.
121
What is the remainder when 12370 is divided by 10733?
1637
Calculate the remainder when 9469320 is divided by 2595.
165
What is the remainder when 491021 is divided by 1912?
1549
Calculate the remainder when 19411823 is divided by 393.
374
What is the remainder when 1258633 is divided by 1398?
433
Calculate the remainder when 5581696 is divided by 24059.
8
Calculate the remainder when 2836525 is divided by 567303.
10
Calculate the remainder when 9064280 is divided by 680.
560
What is the remainder when 14729180 is divided by 398?
394
What is the remainder when 1689263 is divided by 844438?
387
What is the remainder when 2148366 is divided by 63185?
76
Calculate the remainder when 106360271 is divided by 101.
100
Calculate the remainder when 27936687 is divided by 27.
3
What is the remainder when 30289 is divided by 1009?
19
Calculate the remainder when 172218 is divided by 2730.
228
What is the remainder when 2040863 is divided by 1020401?
61
What is the remainder when 861260397 is divided by 78?
75
Calculate the remainder when 27251745 is divided by 3050.
3045
What is the remainder when 39079 is divided by 38355?
724
What is the remainder when 580573 is divided by 45?
28
Calculate the remainder when 135582239 is divided by 3681.
3647
What is the remainder when 617334 is divided by 13717?
69
What is the remainder when 261014 is divided by 260965?
49
Calculate the remainder when 434901 is divided by 20.
1
What is the remainder when 29792 is divided by 14551?
690
Calculate the remainder